{"id":11,"date":"2020-11-05T09:52:48","date_gmt":"2020-11-05T09:52:48","guid":{"rendered":"http:\/\/barokutyakozmetika.hu\/?page_id=11"},"modified":"2025-01-11T11:49:13","modified_gmt":"2025-01-11T11:49:13","slug":"rolunk","status":"publish","type":"page","link":"https:\/\/barokutyakozmetika.hu\/index.php\/rolunk\/","title":{"rendered":"Bemutatkoz\u00e1s"},"content":{"rendered":"\n<p>Prune\u00e1n Zsanettnek h\u00edvnak \u00e9s m\u00e1r gyerekkorom \u00f3ta kuty\u00e1kkal foglalkozom.<\/p>\n\n\n\n<p>Az elk\u00e9pzel\u00e9seimben nagy seg\u00edts\u00e9get jelentett, hogy pont mellett\u00fcnk volt egy kutyakozmetika, ahov\u00e1 sokszor bej\u00e1rtam \u00e9s seg\u00edthettem a kozmetikusnak. A tov\u00e1bbl\u00e9p\u00e9sben \u0150 adta a legnagyobb seg\u00edts\u00e9get, mert mentoromm\u00e1 v\u00e1lt \u00e9s a kutyakozmetikus iskol\u00e1hoz sz\u00fcks\u00e9ges, gyakorlati tud\u00e1st itt szerezhettem meg. Nem is eml\u00e9kszem, hogy volt-e olyan id\u0151szak a csal\u00e1dunkban, amikor ne lett volna mellettem, mellett\u00fcnk egy, vagy t\u00f6bb kutya \u00e9s cica. Az \u00e1llatok szeretete \u00e9s a vel\u00fck val\u00f3 t\u00f6r\u0151d\u00e9s, a mindennapok rutinj\u00e1v\u00e1 v\u00e1lt, \u00edgy nem is volt k\u00e9rd\u00e9ses, hogy az iskol\u00e1im elv\u00e9gz\u00e9se ut\u00e1n merre is fogom venni az ir\u00e1nyt\u2026<\/p>\n\n\n\n<p>Jelenlegi szalonom \u00dajpalot\u00e1n tal\u00e1lhat\u00f3, ahol szeretettel v\u00e1rok minden n\u00e9gy- \u00e9s k\u00e9tl\u00e1b\u00fa \u00fcgyfelet.<\/p>\n\n\n\n<p>Munk\u00e1mra mindig ig\u00e9nyes vagyok, \u00edgy kedvence \u00e9s gazd\u00e1ja t\u0151lem el\u00e9gedetten \u00e9s nyugodtan t\u00e1vozik, hiszen tudj\u00e1k, hogy maxim\u00e1lis figyelemmel \u00e9s odaad\u00e1ssal foglalkozom a kuty\u00e1kkal.<\/p>\n\n\n\n<p>\u00d6r\u00f6mmel l\u00e1tok minden kis \u00e9s nagytest\u0171 kutyust, sz\u00edvesen v\u00e1llalok probl\u00e9m\u00e1s, f\u00e9l\u0151s vagy agressz\u00edv kutyusokat is, hiszen minden kis kedvenc meg\u00e9rdemli a megfelel\u0151 t\u00f6r\u0151d\u00e9st \u00e9s szeretetet. Kozmetik\u00e1z\u00e1s sor\u00e1n nem haszn\u00e1lok sem kik\u00f6t\u0151t, sem b\u00f3d\u00edt\u00f3szert, \u00edgy a kutyusok a lehet\u0151 legk\u00e9nyelmesebben \u00e9rezhetik magukat. Fontos sz\u00e1momra, hogy a gazdik v\u00e9gig jelen lehessenek a kozmetik\u00e1z\u00e1s alatt, ez\u00e9rt, ha maradni szeretn\u00e9l az sem akad\u00e1ly az erre vonatkoz\u00f3 szab\u00e1lyok betart\u00e1sa mellett, ezzel is er\u0151s\u00edtve a bizalmat \u00e9s a biztons\u00e1g\u00e9rzetet.<\/p>\n\n\n\n<p>Nekem a kutyakozmetika nem csak a munk\u00e1m, hanem a kuty\u00e1kkal val\u00f3 foglalkoz\u00e1s, a kutya \u00e1pol\u00e1sa m\u00e1ra a szerelmem, \u00e9letc\u00e9lom lett.<\/p>\n","protected":false},"excerpt":{"rendered":"<p>Prune\u00e1n Zsanettnek h\u00edvnak \u00e9s m\u00e1r gyerekkorom \u00f3ta kuty\u00e1kkal foglalkozom. Az elk\u00e9pzel\u00e9seimben nagy seg\u00edts\u00e9get jelentett, hogy pont mellett\u00fcnk volt egy kutyakozmetika, ahov\u00e1 sokszor bej\u00e1rtam \u00e9s seg\u00edthettem a kozmetikusnak. A tov\u00e1bbl\u00e9p\u00e9sben \u0150 adta a legnagyobb seg\u00edts\u00e9get, mert mentoromm\u00e1 v\u00e1lt \u00e9s a kutyakozmetikus iskol\u00e1hoz sz\u00fcks\u00e9ges, gyakorlati tud\u00e1st itt szerezhettem meg. Nem is eml\u00e9kszem, hogy volt-e olyan id\u0151szak a &hellip; <\/p>\n<p class=\"link-more\"><a href=\"https:\/\/barokutyakozmetika.hu\/index.php\/rolunk\/\" class=\"more-link\">Continue reading<span class=\"screen-reader-text\"> &#8220;Bemutatkoz\u00e1s&#8221;<\/span><\/a><\/p>\n","protected":false},"author":1,"featured_media":0,"parent":0,"menu_order":0,"comment_status":"closed","ping_status":"closed","template":"","meta":[],"_links":{"self":[{"href":"https:\/\/barokutyakozmetika.hu\/index.php\/wp-json\/wp\/v2\/pages\/11"}],"collection":[{"href":"https:\/\/barokutyakozmetika.hu\/index.php\/wp-json\/wp\/v2\/pages"}],"about":[{"href":"https:\/\/barokutyakozmetika.hu\/index.php\/wp-json\/wp\/v2\/types\/page"}],"author":[{"embeddable":true,"href":"https:\/\/barokutyakozmetika.hu\/index.php\/wp-json\/wp\/v2\/users\/1"}],"replies":[{"embeddable":true,"href":"https:\/\/barokutyakozmetika.hu\/index.php\/wp-json\/wp\/v2\/comments?post=11"}],"version-history":[{"count":3,"href":"https:\/\/barokutyakozmetika.hu\/index.php\/wp-json\/wp\/v2\/pages\/11\/revisions"}],"predecessor-version":[{"id":100,"href":"https:\/\/barokutyakozmetika.hu\/index.php\/wp-json\/wp\/v2\/pages\/11\/revisions\/100"}],"wp:attachment":[{"href":"https:\/\/barokutyakozmetika.hu\/index.php\/wp-json\/wp\/v2\/media?parent=11"}],"curies":[{"name":"wp","href":"https:\/\/api.w.org\/{rel}","templated":true}]}}

Bemutatkozás

<p>Pruneán Zsanettnek hívnak és már gyerekkorom óta kutyákkal foglalkozom.</p>



<p>Az elképzeléseimben nagy segítséget jelentett, hogy pont mellettünk volt egy kutyakozmetika, ahová sokszor bejártam és segíthettem a kozmetikusnak. A továbblépésben Ő adta a legnagyobb segítséget, mert mentorommá vált és a kutyakozmetikus iskolához szükséges, gyakorlati tudást itt szerezhettem meg. Nem is emlékszem, hogy volt-e olyan időszak a családunkban, amikor ne lett volna mellettem, mellettünk egy, vagy több kutya és cica. Az állatok szeretete és a velük való törődés, a mindennapok rutinjává vált, így nem is volt kérdéses, hogy az iskoláim elvégzése után merre is fogom venni az irányt…</p>



<p>Jelenlegi szalonom Újpalotán található, ahol szeretettel várok minden négy- és kétlábú ügyfelet.</p>



<p>Munkámra mindig igényes vagyok, így kedvence és gazdája tőlem elégedetten és nyugodtan távozik, hiszen tudják, hogy maximális figyelemmel és odaadással foglalkozom a kutyákkal.</p>



<p>Örömmel látok minden kis és nagytestű kutyust, szívesen vállalok problémás, félős vagy agresszív kutyusokat is, hiszen minden kis kedvenc megérdemli a megfelelő törődést és szeretetet. Kozmetikázás során nem használok sem kikötőt, sem bódítószert, így a kutyusok a lehető legkényelmesebben érezhetik magukat. Fontos számomra, hogy a gazdik végig jelen lehessenek a kozmetikázás alatt, ezért, ha maradni szeretnél az sem akadály az erre vonatkozó szabályok betartása mellett, ezzel is erősítve a bizalmat és a biztonságérzetet.</p>



<p>Nekem a kutyakozmetika nem csak a munkám, hanem a kutyákkal való foglalkozás, a kutya ápolása mára a szerelmem, életcélom lett.</p>

<p>Pruneán Zsanettnek hívnak és már gyerekkorom óta kutyákkal foglalkozom. Az elképzeléseimben nagy segítséget jelentett, hogy pont mellettünk volt egy kutyakozmetika, ahová sokszor bejártam és segíthettem a kozmetikusnak. A továbblépésben Ő adta a legnagyobb segítséget, mert mentorommá vált és a kutyakozmetikus iskolához szükséges, gyakorlati tudást itt szerezhettem meg. Nem is emlékszem, hogy volt-e olyan időszak a &hellip; </p>
<p class="link-more"><a href="https://barokutyakozmetika.hu/index.php/rolunk/" class="more-link">Continue reading<span class="screen-reader-text"> &#8220;Bemutatkozás&#8221;</span></a></p>
